{"id":2159,"date":"2024-12-24T10:00:13","date_gmt":"2024-12-24T09:00:13","guid":{"rendered":"https:\/\/tarvitur.com\/declaration-daccessibilite\/"},"modified":"2024-12-24T10:00:13","modified_gmt":"2024-12-24T09:00:13","slug":"declaration-daccessibilite","status":"publish","type":"page","link":"https:\/\/tarvitur.com\/fr\/declaration-daccessibilite\/","title":{"rendered":"D\u00e9claration d&rsquo;accessibilit\u00e9"},"content":{"rendered":"\r\n\r\n<h1>D\u00e9claration d'accessibilit\u00e9<\/h1><p>Vicens Ayan Grau s'engage \u00e0 rendre son site Web accessible conform\u00e9ment au <a href='https:\/\/www.boe.es\/eli\/es\/rd\/2018\/09\/07\/1112'>d\u00e9cret royal 1112\/2018<\/a> du 7 septembre sur l'accessibilit\u00e9 des sites Web et des applications pour appareils mobiles du secteur public.<\/p>\r\n<p>Cette d\u00e9claration d'accessibilit\u00e9 s'applique \u00e0 ce site Web.<\/p>\r\n<h2>\u00c9tat de conformit\u00e9<\/h2>\r\n<p>Ce site est enti\u00e8rement conforme au RD 1112\/2018.<\/p>\r\n<h2>Contenu non accessible<\/h2>\r\n<p>Le contenu r\u00e9pertori\u00e9 ci-dessous n'est pas accessible pour les raisons suivantes\u00a0:<\/p>\r\n<p><strong>Non-respect du RD 1112\/2018<\/strong><\/p>\r\n<p>Une imbrication incorrecte des balises peut toujours \u00eatre d\u00e9tect\u00e9e.<\/p>\r\n<p>Il pourrait y avoir des erreurs d'\u00e9dition occasionnelles sur le site Web.<\/p>\r\n<p><strong>fardeau disproportionn\u00e9<\/strong><\/p>\r\n<p>Ne s'applique pas.<\/p>\r\n<h2>Pr\u00e9paration de cette d\u00e9claration d'accessibilit\u00e9<\/h2>\r\n<p>Cette d\u00e9claration a \u00e9t\u00e9 pr\u00e9par\u00e9e le 5 mai 2023.<\/p>\r\n<p>La m\u00e9thode utilis\u00e9e pour pr\u00e9parer la d\u00e9claration a \u00e9t\u00e9 une auto-\u00e9valuation effectu\u00e9e par l'entreprise elle-m\u00eame.<\/p>\r\n<h2>Observations et coordonn\u00e9es<\/h2>\r\n<p>Vous pouvez faire des communications sur les exigences d'accessibilit\u00e9 (article 10.2.a) du RD 1112\/2018) telles que\u00a0:<\/p>\r\n<ul>\r\n<li>Signaler toute violation possible par ce site Web.<\/li>\r\n<li>Transmettre d'autres difficult\u00e9s d'acc\u00e8s au contenu.<\/li>\r\n<li>Formuler toute autre requ\u00eate ou suggestion d'am\u00e9lioration li\u00e9e \u00e0 l'accessibilit\u00e9 du site Web.<\/li>\r\n<\/ul>\r\n<p>Via notre formulaire de contact, par t\u00e9l\u00e9phone ou en personne \u00e0 notre si\u00e8ge social.<\/p>\r\n<p>Les communications, les plaintes et les demandes d'informations accessibles seront re\u00e7ues et trait\u00e9es par notre \u00e9quipe.<\/p>\n","protected":false},"excerpt":{"rendered":"","protected":false},"author":3,"featured_media":0,"parent":0,"menu_order":0,"comment_status":"closed","ping_status":"closed","template":"","meta":{"footnotes":""},"class_list":["post-2159","page","type-page","status-publish","hentry"],"yoast_head":"<!-- This site is optimized with the Yoast SEO plugin v27.5 - https:\/\/yoast.com\/product\/yoast-seo-wordpress\/ -->\n<title>D\u00e9claration d\u2019accessibilit\u00e9 Tarvitur<\/title>\n<meta name=\"description\" content=\"D\u00e9couvrez l\u2019engagement d\u2019accessibilit\u00e9 num\u00e9rique de Tarvitur pour faciliter l\u2019acc\u00e8s aux Terres de l\u2019Ebre\" \/>\n<meta name=\"robots\" content=\"index, follow, max-snippet:-1, max-image-preview:large, max-video-preview:-1\" \/>\n<link rel=\"canonical\" href=\"https:\/\/tarvitur.com\/fr\/declaration-daccessibilite\/\" \/>\n<meta property=\"og:locale\" content=\"fr_FR\" \/>\n<meta property=\"og:type\" content=\"article\" \/>\n<meta property=\"og:title\" content=\"D\u00e9claration d\u2019accessibilit\u00e9 Tarvitur\" \/>\n<meta property=\"og:description\" content=\"D\u00e9couvrez l\u2019engagement d\u2019accessibilit\u00e9 num\u00e9rique de Tarvitur pour faciliter l\u2019acc\u00e8s aux Terres de l\u2019Ebre\" \/>\n<meta property=\"og:url\" content=\"https:\/\/tarvitur.com\/fr\/declaration-daccessibilite\/\" \/>\n<meta property=\"og:site_name\" content=\"Tarvitur Visites Guiades\" \/>\n<meta name=\"twitter:card\" content=\"summary_large_image\" \/>\n<script type=\"application\/ld+json\" class=\"yoast-schema-graph\">{\"@context\":\"https:\\\/\\\/schema.org\",\"@graph\":[{\"@type\":\"WebPage\",\"@id\":\"https:\\\/\\\/tarvitur.com\\\/fr\\\/declaration-daccessibilite\\\/\",\"url\":\"https:\\\/\\\/tarvitur.com\\\/fr\\\/declaration-daccessibilite\\\/\",\"name\":\"D\u00e9claration d\u2019accessibilit\u00e9 Tarvitur\",\"isPartOf\":{\"@id\":\"https:\\\/\\\/tarvitur.com\\\/fr\\\/#website\"},\"datePublished\":\"2024-12-24T09:00:13+00:00\",\"description\":\"D\u00e9couvrez l\u2019engagement d\u2019accessibilit\u00e9 num\u00e9rique de Tarvitur pour faciliter l\u2019acc\u00e8s aux Terres de l\u2019Ebre\",\"breadcrumb\":{\"@id\":\"https:\\\/\\\/tarvitur.com\\\/fr\\\/declaration-daccessibilite\\\/#breadcrumb\"},\"inLanguage\":\"fr-FR\",\"potentialAction\":[{\"@type\":\"ReadAction\",\"target\":[\"https:\\\/\\\/tarvitur.com\\\/fr\\\/declaration-daccessibilite\\\/\"]}]},{\"@type\":\"BreadcrumbList\",\"@id\":\"https:\\\/\\\/tarvitur.com\\\/fr\\\/declaration-daccessibilite\\\/#breadcrumb\",\"itemListElement\":[{\"@type\":\"ListItem\",\"position\":1,\"name\":\"Inici\",\"item\":\"https:\\\/\\\/tarvitur.com\\\/fr\\\/maison\\\/\"},{\"@type\":\"ListItem\",\"position\":2,\"name\":\"D\u00e9claration d&#8217;accessibilit\u00e9\"}]},{\"@type\":\"WebSite\",\"@id\":\"https:\\\/\\\/tarvitur.com\\\/fr\\\/#website\",\"url\":\"https:\\\/\\\/tarvitur.com\\\/fr\\\/\",\"name\":\"Tarvitur Visites Guiades\",\"description\":\"Visites guiades a l&#039;Ebre\",\"potentialAction\":[{\"@type\":\"SearchAction\",\"target\":{\"@type\":\"EntryPoint\",\"urlTemplate\":\"https:\\\/\\\/tarvitur.com\\\/fr\\\/?s={search_term_string}\"},\"query-input\":{\"@type\":\"PropertyValueSpecification\",\"valueRequired\":true,\"valueName\":\"search_term_string\"}}],\"inLanguage\":\"fr-FR\"}]}<\/script>\n<!-- \/ Yoast SEO plugin. -->","yoast_head_json":{"title":"D\u00e9claration d\u2019accessibilit\u00e9 Tarvitur","description":"D\u00e9couvrez l\u2019engagement d\u2019accessibilit\u00e9 num\u00e9rique de Tarvitur pour faciliter l\u2019acc\u00e8s aux Terres de l\u2019Ebre","robots":{"index":"index","follow":"follow","max-snippet":"max-snippet:-1","max-image-preview":"max-image-preview:large","max-video-preview":"max-video-preview:-1"},"canonical":"https:\/\/tarvitur.com\/fr\/declaration-daccessibilite\/","og_locale":"fr_FR","og_type":"article","og_title":"D\u00e9claration d\u2019accessibilit\u00e9 Tarvitur","og_description":"D\u00e9couvrez l\u2019engagement d\u2019accessibilit\u00e9 num\u00e9rique de Tarvitur pour faciliter l\u2019acc\u00e8s aux Terres de l\u2019Ebre","og_url":"https:\/\/tarvitur.com\/fr\/declaration-daccessibilite\/","og_site_name":"Tarvitur Visites Guiades","twitter_card":"summary_large_image","schema":{"@context":"https:\/\/schema.org","@graph":[{"@type":"WebPage","@id":"https:\/\/tarvitur.com\/fr\/declaration-daccessibilite\/","url":"https:\/\/tarvitur.com\/fr\/declaration-daccessibilite\/","name":"D\u00e9claration d\u2019accessibilit\u00e9 Tarvitur","isPartOf":{"@id":"https:\/\/tarvitur.com\/fr\/#website"},"datePublished":"2024-12-24T09:00:13+00:00","description":"D\u00e9couvrez l\u2019engagement d\u2019accessibilit\u00e9 num\u00e9rique de Tarvitur pour faciliter l\u2019acc\u00e8s aux Terres de l\u2019Ebre","breadcrumb":{"@id":"https:\/\/tarvitur.com\/fr\/declaration-daccessibilite\/#breadcrumb"},"inLanguage":"fr-FR","potentialAction":[{"@type":"ReadAction","target":["https:\/\/tarvitur.com\/fr\/declaration-daccessibilite\/"]}]},{"@type":"BreadcrumbList","@id":"https:\/\/tarvitur.com\/fr\/declaration-daccessibilite\/#breadcrumb","itemListElement":[{"@type":"ListItem","position":1,"name":"Inici","item":"https:\/\/tarvitur.com\/fr\/maison\/"},{"@type":"ListItem","position":2,"name":"D\u00e9claration d&#8217;accessibilit\u00e9"}]},{"@type":"WebSite","@id":"https:\/\/tarvitur.com\/fr\/#website","url":"https:\/\/tarvitur.com\/fr\/","name":"Tarvitur Visites Guiades","description":"Visites guiades a l&#039;Ebre","potentialAction":[{"@type":"SearchAction","target":{"@type":"EntryPoint","urlTemplate":"https:\/\/tarvitur.com\/fr\/?s={search_term_string}"},"query-input":{"@type":"PropertyValueSpecification","valueRequired":true,"valueName":"search_term_string"}}],"inLanguage":"fr-FR"}]}},"_links":{"self":[{"href":"https:\/\/tarvitur.com\/fr\/wp-json\/wp\/v2\/pages\/2159","targetHints":{"allow":["GET"]}}],"collection":[{"href":"https:\/\/tarvitur.com\/fr\/wp-json\/wp\/v2\/pages"}],"about":[{"href":"https:\/\/tarvitur.com\/fr\/wp-json\/wp\/v2\/types\/page"}],"author":[{"embeddable":true,"href":"https:\/\/tarvitur.com\/fr\/wp-json\/wp\/v2\/users\/3"}],"replies":[{"embeddable":true,"href":"https:\/\/tarvitur.com\/fr\/wp-json\/wp\/v2\/comments?post=2159"}],"version-history":[{"count":0,"href":"https:\/\/tarvitur.com\/fr\/wp-json\/wp\/v2\/pages\/2159\/revisions"}],"wp:attachment":[{"href":"https:\/\/tarvitur.com\/fr\/wp-json\/wp\/v2\/media?parent=2159"}],"curies":[{"name":"wp","href":"https:\/\/api.w.org\/{rel}","templated":true}]}}

Déclaration d&rsquo;accessibilité

<h1>Déclaration d'accessibilité</h1><p>Vicens Ayan Grau s'engage à rendre son site Web accessible conformément au <a href='https://www.boe.es/eli/es/rd/2018/09/07/1112'>décret royal 1112/2018</a> du 7 septembre sur l'accessibilité des sites Web et des applications pour appareils mobiles du secteur public.</p>
<p>Cette déclaration d'accessibilité s'applique à ce site Web.</p>
<h2>État de conformité</h2>
<p>Ce site est entièrement conforme au RD 1112/2018.</p>
<h2>Contenu non accessible</h2>
<p>Le contenu répertorié ci-dessous n'est pas accessible pour les raisons suivantes :</p>
<p><strong>Non-respect du RD 1112/2018</strong></p>
<p>Une imbrication incorrecte des balises peut toujours être détectée.</p>
<p>Il pourrait y avoir des erreurs d'édition occasionnelles sur le site Web.</p>
<p><strong>fardeau disproportionné</strong></p>
<p>Ne s'applique pas.</p>
<h2>Préparation de cette déclaration d'accessibilité</h2>
<p>Cette déclaration a été préparée le 5 mai 2023.</p>
<p>La méthode utilisée pour préparer la déclaration a été une auto-évaluation effectuée par l'entreprise elle-même.</p>
<h2>Observations et coordonnées</h2>
<p>Vous pouvez faire des communications sur les exigences d'accessibilité (article 10.2.a) du RD 1112/2018) telles que :</p>
<ul>
<li>Signaler toute violation possible par ce site Web.</li>
<li>Transmettre d'autres difficultés d'accès au contenu.</li>
<li>Formuler toute autre requête ou suggestion d'amélioration liée à l'accessibilité du site Web.</li>
</ul>
<p>Via notre formulaire de contact, par téléphone ou en personne à notre siège social.</p>
<p>Les communications, les plaintes et les demandes d'informations accessibles seront reçues et traitées par notre équipe.</p>

<!-- This site is optimized with the Yoast SEO plugin v27.5 - https://yoast.com/product/yoast-seo-wordpress/ -->
<title>Déclaration d’accessibilité Tarvitur</title>
<meta name="description" content="Découvrez l’engagement d’accessibilité numérique de Tarvitur pour faciliter l’accès aux Terres de l’Ebre" />
<meta name="robots" content="index, follow, max-snippet:-1, max-image-preview:large, max-video-preview:-1" />
<link rel="canonical" href="https://tarvitur.com/fr/declaration-daccessibilite/" />
<meta property="og:locale" content="fr_FR" />
<meta property="og:type" content="article" />
<meta property="og:title" content="Déclaration d’accessibilité Tarvitur" />
<meta property="og:description" content="Découvrez l’engagement d’accessibilité numérique de Tarvitur pour faciliter l’accès aux Terres de l’Ebre" />
<meta property="og:url" content="https://tarvitur.com/fr/declaration-daccessibilite/" />
<meta property="og:site_name" content="Tarvitur Visites Guiades" />
<meta name="twitter:card" content="summary_large_image" />
<script type="application/ld+json" class="yoast-schema-graph">{"@context":"https:\/\/schema.org","@graph":[{"@type":"WebPage","@id":"https:\/\/tarvitur.com\/fr\/declaration-daccessibilite\/","url":"https:\/\/tarvitur.com\/fr\/declaration-daccessibilite\/","name":"Déclaration d’accessibilité Tarvitur","isPartOf":{"@id":"https:\/\/tarvitur.com\/fr\/#website"},"datePublished":"2024-12-24T09:00:13+00:00","description":"Découvrez l’engagement d’accessibilité numérique de Tarvitur pour faciliter l’accès aux Terres de l’Ebre","breadcrumb":{"@id":"https:\/\/tarvitur.com\/fr\/declaration-daccessibilite\/#breadcrumb"},"inLanguage":"fr-FR","potentialAction":[{"@type":"ReadAction","target":["https:\/\/tarvitur.com\/fr\/declaration-daccessibilite\/"]}]},{"@type":"BreadcrumbList","@id":"https:\/\/tarvitur.com\/fr\/declaration-daccessibilite\/#breadcrumb","itemListElement":[{"@type":"ListItem","position":1,"name":"Inici","item":"https:\/\/tarvitur.com\/fr\/maison\/"},{"@type":"ListItem","position":2,"name":"Déclaration d&#8217;accessibilité"}]},{"@type":"WebSite","@id":"https:\/\/tarvitur.com\/fr\/#website","url":"https:\/\/tarvitur.com\/fr\/","name":"Tarvitur Visites Guiades","description":"Visites guiades a l&#039;Ebre","potentialAction":[{"@type":"SearchAction","target":{"@type":"EntryPoint","urlTemplate":"https:\/\/tarvitur.com\/fr\/?s={search_term_string}"},"query-input":{"@type":"PropertyValueSpecification","valueRequired":true,"valueName":"search_term_string"}}],"inLanguage":"fr-FR"}]}</script>
<!-- / Yoast SEO plugin. -->

Déclaration d’accessibilité Tarvitur

Découvrez l’engagement d’accessibilité numérique de Tarvitur pour faciliter l’accès aux Terres de l’Ebre

Déclaration d&#8217;accessibilité
